of 19775 and 20125?
175
Calculate the highest common factor of 45735 and 15.
15
Calculate the greatest common divisor of 2027 and 31890791.
2027
Calculate the highest common factor of 432 and 12258.
54
What is the greatest common divisor of 2946741 and 21?
21
What is the greatest common divisor of 368400 and 960?
240
What is the highest common divisor of 513 and 2727279?
171
What is the highest common divisor of 593109 and 594?
297
Calculate the highest common factor of 20368 and 36.
4
What is the highest common factor of 39960 and 45?
45
Calculate the highest common divisor of 308 and 34958.
154
Calculate the highest common factor of 221806 and 4939.
449
Calculate the greatest common divisor of 82530 and 84.
42
What is the highest common factor of 5963 and 3015?
67
Calculate the greatest common divisor of 40 and 516280.
40
What is the highest common divisor of 97732 and 11236?
212
What is the highest common divisor of 45151 and 163?
163
Calculate the highest common divisor of 8 and 1724.
4
What is the greatest common divisor of 4977 and 117?
9
What is the greatest common divisor of 274 and 176867?
137
What is the highest common factor of 1086196 and 4?
4
What is the greatest common factor of 841 and 1595?
29
Calculate the highest common divisor of 77022 and 1422.
18
What is the greatest common divisor of 212982 and 8085?
231
Calculate the highest common factor of 70548 and 768.
12
Calculate the greatest common divisor of 246732 and 1392.
348
Calculate the highest common factor of 1030 and 33570.
10
Calculate the greatest common factor of 6212 and 914717.
1553
Calculate the greatest common divisor of 19114 and 323.
19
Calculate the greatest common factor of 791188 and 556.
556
What is the highest common factor of 532 and 37867?
19
What is the greatest common divisor of 328375 and 104725?
1775
Calculate the greatest common divisor of 1651819 and 793.
793
What is the highest common divisor of 2420795 and 260?
65
Calculate the greatest common factor of 24484 and 4.
4
Calculate the greatest common divisor of 2256 and 5068104.
1128
What is the highest common factor of 4308 and 396?
12
Calculate the highest common divisor of 6608 and 832.
16
What is the highest common factor of 350 and 3661?
7
What is the highest common factor of 3150 and 776610?
90
What is the greatest common divisor of 13065 and 1407?
201
Calculate the highest common divisor of 2601 and 156672.
153
What is the greatest common factor of 1515 and 285729?
303
What is the highest common factor of 2556732 and 1660?
332
What is the greatest common divisor of 451088 and 880?
176
Calculate the highest common divisor of 2990 and 84019.
299
What is the greatest common divisor of 1309 and 2975?
119
Calculate the highest common divisor of 1632 and 10848.
96
What is the highest common factor of 87610 and 1240?
10
What is the highest common divisor of 607114 and 802?
802
Calculate the highest common factor of 17100 and 53694.
342
Calculate the greatest common factor of 17582 and 56471.
149
Calculate the greatest common factor of 942393 and 636.
159
What is the greatest common factor of 944 and 5168?
16
Calculate the highest common divisor of 45752 and 104748.
1204
Calculate the greatest common divisor of 368918 and 2706.
902
Calculate the greatest common divisor of 21 and 476889.
21
What is the greatest common factor of 1620 and 755460?
540
Calculate the highest common factor of 4334 and 1007852.
394
Calculate the highest common divisor of 458812 and 760.
76
What is the highest common divisor of 756250 and 625?
625
What is the greatest common divisor of 3944120 and 40?
40
What is the highest common divisor of 78268 and 136?
68
What is the highest common divisor of 75 and 13410?
15
Calculate the greatest common factor of 12 and 29948.
4
What is the greatest common factor of 386 and 886063?
193
What is the greatest common divisor of 51815 and 172?
43
Calculate the highest common divisor of 10388 and 276236.
212
Calculate the highest common factor of 1012 and 34661.
253
Calculate the highest common factor of 748296 and 9.
9
What is the highest common factor of 2349 and 15399?
261
Calculate the highest common factor of 2805 and 11913.
33
Calculate the highest common factor of 311 and 447529.
311
Calculate the highest common divisor of 4130 and 99946.
826
Calculate the highest common factor of 104388 and 36.
12
Calculate the greatest common factor of 11862 and 240.
6
What is the greatest common factor of 460 and 895?
5
What is the highest common divisor of 14890 and 1790?
10
What is the greatest common factor of 1430 and 3685?
55
Calculate the highest common factor of 498 and 1826.
166
Calculate the highest common factor of 12159 and 23353.
193
What is the highest common divisor of 90 and 516240?
90
Calculate the greatest common factor of 135564 and 9867.
429
What is the highest common divisor of 380 and 51490?
190
Calculate the greatest common divisor of 24 and 54248.
8
What is the greatest common divisor of 5187 and 2184?
273
Calculate the highest common factor of 1849910 and 1160.
290
What is the highest common divisor of 1187214 and 63?
21
Calculate the highest common divisor of 847 and 35.
7
Calculate the greatest common divisor of 1346895 and 1980.
495
What is the highest common divisor of 2583 and 6174?
63
What is the greatest common divisor of 1266 and 3799266?
1266
What is the highest common divisor of 21698 and 1178?
38
What is the highest common factor of 24792 and 48?
24
What is the highest common factor of 432173 and 6741?
749
Calculate the highest common factor of 32110 and 380.
190
What is the greatest common divisor of 124 and 14?
2
Calculate the greatest common divisor of 3275496 and 63.
63
What is the highest common factor of 749 and 175052?
107
Calculate the greatest common divisor of 1812 and 12.
12
Calculate the greatest common divisor of 3420 and 72770.
190
What is the greatest common divisor of 149100 and 84?
84
What is the highest common divisor of 230 and 125626?
46
Calculate the greatest common divisor of 2977 and 66639.
229
What is the highest common factor of 753 and 1028598?
753
Calculate the greatest common divisor of 1221 and 265771.
407
What is the greatest common factor of 93130 and 536?
134
Calculate the highest common divisor of 544 and 3196.
68
Calculate the greatest common factor of 6479988 and 24.
12
Calculate the greatest common factor of 480789 and 54.
27
Calculate the greatest common divisor of 2632 and 24816.
376
Calculate the highest common divisor of 21552 and 168.
24
Calculate the greatest common divisor of 2440 and 875.
5
What is the highest common factor of 642448 and 16?
16
Calculate the greatest common factor of 42804 and 132.
12
Calculate the highest common factor of 1378379 and 41.
41
What is the greatest common factor of 8579 and 368?
23
What is the highest common divisor of 2997072 and 9360?
1872
Calculate the highest common divisor of 41400 and 7452.
828
What is the greatest common factor of 1036 and 2516?
148
What is the highest common factor of 70597 and 1816?
227
What is the greatest common factor of 6526800 and 441?
441
Calculate the highest common factor of 224 and 42504.
56
Calculate the greatest common divisor of 4992 and 48789.
39
What is the greatest common factor of 9116 and 473?
43
Calculate the highest common factor of 390 and 11726.
26
Calculate the highest common factor of 32292 and 43355.
299
What is the greatest common factor of 37280 and 35?
5
Calculate the highest common divisor of 1197 and 683753.
133
What is the greatest common divisor of 238886 and 124?
62
Calculate the greatest common factor of 8918 and 3744.
26
Calculate the highest common factor of 290 and 10760.
10
Calculate the highest common factor of 2285 and 25592.
457
Calculate the highest common factor of 8 and 21943112.
8
What is the greatest common factor of 88 and 58952?
8
Calculate the highest common divisor of 106701 and 21.
21
What is the greatest common factor of 703 and 9176?
37
What is the greatest common factor of 2607 and 122687?
79
What is the highest common divisor of 168 and 249228?
84
What is the highest common factor of 9089 and 298?
149
What is the highest common factor of 23161 and 3059?
437
Calculate the highest common factor of 2530 and 6780